he prime factors of 1*(26 - -3)*h?
29
Suppose 5591 = -18*v + 62327. List the prime factors of v.
2, 197
Let s = -7 - -40. Suppose -9*a - s = -12*a. List the prime factors of a.
11
Suppose -3*u = 2*s - u - 200, 0 = 3*s + 4*u - 295. Suppose i + 29 = s. List the prime factors of i.
2, 19
Suppose 0 = 19*s - 124*s + 265020. What are the prime factors of s?
2, 631
Suppose -5*r - 83 = -23. Let n = r - -19. Suppose -4*i - n = -23. What are the prime factors of i?
2
Let l be (-129)/(-18) - (-1)/(-6). Suppose -4*t - 7 = -5*j + l, 5*j = t + 26. Let i(r) = 3*r + 2. What are the prime factors of i(j)?
2, 5
Let q be (-2 - -83)/(0 + (-3)/(-10)). Suppose -2*s + q = s. List the prime factors of s.
2, 3, 5
Let g(x) be the second derivative of -x**4/12 + x**3/6 + 3*x**2/2 - 4*x. Let p be g(0). Suppose -p*k - k + 12 = 0. What are the prime factors of k?
3
Suppose -7*a - 35 = -12*a. Suppose 5*m = -a*m + 384. List the prime factors of m.
2
Suppose -5*s - 2 = -27, 0 = -3*m - 4*s + 4238. List the prime factors of m.
2, 19, 37
Let b(q) = q**3 - 2*q**2 - 4*q + 3. Let y(z) = -z + 15. Let v be y(11). What are the prime factors of b(v)?
19
Let n = 34 - 4. Suppose -n = 2*t - 198. List the prime factors of t.
2, 3, 7
Let l(h) = 34*h**2 + 15*h + 36. List the prime factors of l(-4).
2, 5, 13
Let m be (-77)/(-63) + (-2)/9. Suppose -28 + m = -f. Suppose -3*n = -0*n - 3*g - f, -1 = -n - g. List the prime factors of n.
5
Let m(a) = 4*a**2 - a + 1. Let q be m(2). Let p = q + -10. Suppose -2*v = -4*l - 54, -4*v + 116 = l - p*l. What are the prime factors of v?
31
Suppose 2*g = -0*g + 520. Suppose -5*j + 65 + g = 0. List the prime factors of j.
5, 13
Let k(n) = n**3 - 11*n**2 + n - 7. Let i = 28 - 17. Let a be k(i). Suppose 5*t + 2*v - 130 = v, t + a*v - 26 = 0. List the prime factors of t.
2, 13
Let l(u) = 3 + u**3 + 2*u**2 - 6*u + 6*u**2 - 10*u**2 + u**2. Let c be l(3). Suppose -c*d + 0*m + m + 33 = 0, 3*m = 0. List the prime factors of d.
11
Let j(m) = 5*m**3 - 19*m**2 + 64*m - 6. What are the prime factors of j(7)?
2, 613
Suppose -7*h - 241 + 1445 = 0. Suppose -5*l + 203 + 569 = 4*b, -b = -4*l - h. What are the prime factors of b?
2, 47
Suppose -8*l + 2068 = -1132. What are the prime factors of l?
2, 5
List the prime factors of (-345*(-4)/40)/(3/2).
23
List the prime factors of 4 - (208/5)/(2/(-170)).
2, 3, 5, 59
Let p(c) = 8*c. Let a be ((-9)/6)/(3/(-6)). Let b(x) = 15*x - 1. Let n(i) = a*b(i) - 7*p(i). List the prime factors of n(-3).
2, 3, 5
Suppose 0 = -18*q + 10071 + 10665. What are the prime factors of q?
2, 3
Suppose 12*u = 3570 + 282. What are the prime factors of u?
3, 107
What are the prime factors of 42/(-70)*(6 - 8591)?
3, 17, 101
Let r(c) = c**3 - 8*c**2 + 19*c - 2. What are the prime factors of r(8)?
2, 3, 5
Let y = 678 + -533. What are the prime factors of y?
5, 29
Let y(d) = 24*d - 13. List the prime factors of y(18).
419
Let p(z) = 2*z**2 - 7*z + 3. Let i = 9 - 4. Suppose -6 = -i*a + 24. List the prime factors of p(a).
3, 11
Suppose 26 = 13*h - 13. Suppose 0 = 11*c - h*c - 800. List the prime factors of c.
2, 5
Let a(h) = -h**3 + 6*h**2 + 2*h - 8. Let c be a(6). Let z(p) = -p**2 + 3*p + 1. Let s be z(c). What are the prime factors of 11 + -6*s/6?
2, 7
Let o = -2 - -7. Suppose -4*l + 0*i = -5*i + 8, -5 = o*l - 5*i. Suppose 0*k - k + 128 = 3*r, -l*k - 12 = 0. What are the prime factors of r?
2, 11
Let k = -26 + 30. Suppose 153 = 7*q - k*q. What are the prime factors of q?
3, 17
Suppose 28 = -v - v. Let t(f) = 4*f**2 + 13*f - 8. Let c be t(-6). Let r = c + v. What are the prime factors of r?
2, 11
Let h be (-51)/(-7) - (-6)/(-21). Suppose -h*p - 352 = -11*p. What are the prime factors of p?
2, 11
Let l = 1551 + 1651. What are the prime factors of l?
2, 1601
Let z(c) = 8*c - 3. Let m be z(-3). Let u = -12 + m. Let a = u + 55. What are the prime factors of a?
2
Suppose 0*o = o - 6. Let p(t) = 3*t + 32. Let z be p(-9). Suppose -248 = -o*y + y - 4*m, 0 = y + z*m - 37. List the prime factors of y.
2, 13
List the prime factors of 2232/(-9)*(4 - 57/6).
2, 11, 31
Let w(a) = 3*a + 13. Let b be w(12). Suppose 5*h - 4*h - b = 0. What are the prime factors of (-3)/(-7) + 763/h?
2
Let u be 281/3 - (-1)/3. Let y = -40 + u. List the prime factors of y.
2, 3
Suppose 2*d - 2 = -6. Let g(o) = -4*o**2 + 2*o + 4. Let h be g(d). Let p = h + 53. What are the prime factors of p?
37
Let i = 4426 - 2313. What are the prime factors of i?
2113
Suppose 132 - 38 = n. Suppose -o + n = 4*f - 58, 0 = -f - 2*o + 45. What are the prime factors of f?
37
Suppose 13*b - 426 = 211. List the prime factors of b.
7
Let f = -139 + 202. Suppose 291 - f = 2*p. What are the prime factors of p?
2, 3, 19
Suppose 4*v - 872 = v - 5*m, 0 = -3*v + m + 848. List the prime factors of v.
2, 71
Let l(y) be the third derivative of y**7/5040 - y**6/120 - 7*y**5/60 - 6*y**2. Let t(h) be the third derivative of l(h). What are the prime factors of t(15)?
3
Suppose 5*a + 25*l - 8580 = 23*l, 3*l - 1729 = -a. What are the prime factors of a?
2, 857
Let y(l) = l**3 - 5*l**2 + 5*l - 2. Let h be y(4). Let f = -4 - -7. List the prime factors of h*3*f/2.
3
List the prime factors of ((-12356)/(-18))/((-1)/(-9)*1).
2, 3089
Let p(v) = -v**2 - 7*v - 17. Let n be p(11). Let k = -79 - n. List the prime factors of k.
2, 17
Suppose -3*i + 8*i = -25. Let f be -1*7 - 15/i. List the prime factors of -1 + -2 - (f - 3).
2
Let a(g) = -830*g + 298. What are the prime factors of a(-3)?
2, 17, 41
Suppose -10 = 5*s, t - 5*s + 4 = -t. List the prime factors of -4*4/(-56) + (-138)/t.
2, 5
Suppose 100*g - 20*g = 299680. What are the prime factors of g?
2, 1873
Let n(c) = -c**2 - c + 1. Let b(r) = 2*r**2 + 2*r - 3. Let f(t) = -3*b(t) - 7*n(t). Let s be f(-3). Suppose s*u = 4*u + 72. What are the prime factors of u?
2, 3
Let s(c) be the first derivative of -c**3/3 - 5*c**2 - 14*c + 9. List the prime factors of s(-5).
11
Let v = 37 + -27. Let g be 141/(-15) + 4/v. What are the prime factors of 6*7*(-6)/g?
2, 7
Let s = -650 - -843. What are the prime factors of s?
193
Let w = -621 + 897. What are the prime factors of w?
2, 3, 23
Suppose -6*k + 5*j = -3*k - 2902, -2867 = -3*k - 2*j. What are the prime factors of k?
7, 137
Let s = -180 + 352. Suppose 0 = -10*c + 12*c - s. Let o = -32 + c. List the prime factors of o.
2, 3
Let x = -15 + -4. Let v = 22 + x. Suppose -l = v*l + 4, 5*k - 183 = -2*l. What are the prime factors of k?
37
Let r = 1036 + -292. Suppose v = 7*v - r. What are the prime factors of v?
2, 31
Let i be (7/((-35)/15))/(-1). Suppose 0 = -i*m - x + 208, 2*m = 2*x + 102 + 42. List the prime factors of m.
2, 5, 7
Let i(a) = -41*a - 70. Let o(t) = -21*t - 35. Let r(n) = -2*i(n) + 5*o(n). What are the prime factors of r(-3)?
2, 17
List the prime factors of 4/(-2) + (-31 - -199).
2, 83
Suppose 4*l - 4*v + 40 = 0, 5*l + 68 = v - 5*v. List the prime factors of (l/(-14))/((-4 + 0)/(-644)).
2, 3, 23
Let d be -2 - (4 + 1798)/(-1). Suppose 0 = u + 11*u - d. What are the prime factors of u?
2, 3, 5
Suppose 23*n - 16634 = 79299. What are the prime factors of n?
43, 97
Let h = -713 + 1219. List the prime factors of h.
2, 11, 23
Let w be (-2)/8 + 25/20. Let k be 5/1 - 2/w. Suppose -4*s = -k*s - 2. List the prime factors of s.
2
Let h(c) = -c - 1. Let k(b) = -b - 7. Let r(d) = -6*h(d) + k(d). List the prime factors of r(1).
2
Suppose 8*j + 310 = 10*j. Suppose -2*r + j = -157. What are the prime factors of r?
2, 3, 13
Let s(b) = 18*b**2 + 38*b - 213. What are the prime factors of s(7)?
5, 11, 17
Let p = 424 - -806. List the prime factors of p.
2, 3, 5, 41
Let u(p) = -p**2 + 13*p - 15. Suppose 0 = s + b - 0*b - 11, 4*b = s - 1. What are the prime factors of u(s)?
3, 7
Suppose 10*a + 82 = 12*a. What are the prime factors of (a/2)/(4/16*2)?
41
Let o(p) = -7*p**3 - 55*p**2 - 15*p - 22. What are the prime factors of o(-11)?
3, 5, 11, 17
Let b(f) = -f + 9. Let j(m) be the first derivative of -m**3/3 - 15*m**2/2 - 14*m - 5. Let p be j(-14). What are the prime factors of b(p)?
3
Let h(m) = -61*m**3 + 4*m**2 - 4*m - 5. Let x be h(3). List the prime factors of 8/(-12) - x/12.
3, 5
Let s be 6 + 1/(3/3). Let o = s - 8. List the prime factors of (-9)/(o*(2 + -1)).
3
Suppose -3*o - 8 = -14. Suppose 18 = z + 2*z. Suppose -3*s = u - z, s - 6*s + 13 = o*u. List the prime fa